 + d - 130 = 0. What is the greatest common factor of c and v?
10
Suppose 0 = x - 5, 4*m - 3*x = -0*m - 3. Suppose m*o = 169 + 227. Let g be (-2 + -1)/(33/(-242)). What is the highest common factor of o and g?
22
Suppose 4*i - 3*i = -o + 17, 3*o - 49 = -4*i. Let u = 3617 + -3560. What is the highest common factor of o and u?
19
Let m be 3/3 + 16 + -3. Suppose -2*n + 5*d + 91 = -0*d, -d = 1. Suppose 0 = -2*a + 13 + n. What is the greatest common divisor of a and m?
14
Suppose 6*g - 62 = -14. Let r = 38 + -22. Suppose -r = x - 3*x. What is the highest common factor of g and x?
8
Suppose 2*r + 12 = 3*j + 6*r, -2*j + 3*r - 9 = 0. Suppose j*d - 15 = -5*d. Suppose -d*w - 36 = -5*w. Calculate the highest common divisor of w and 90.
18
Suppose -10*r + 260 = -8*r. Suppose -4 = 3*x + 2*t - r, -x - 5*t = -42. What is the highest common divisor of x and 6?
6
Let w = -243 + 452. Suppose 4*m - 80 = -4*p, -3*p - 14 = -4*p + 5*m. Calculate the greatest common factor of w and p.
19
Suppose -2*h + 23 = 11. Let g(z) = -z - 2*z**2 + 3*z + z - 8 + z**3. Let j be g(h). Calculate the highest common divisor of 14 and j.
14
Let d(b) = -7*b + 5. Let w be d(-1). Calculate the highest common divisor of 12 and w.
12
Let y be (-55)/(-35) - (-3)/7. Suppose 0 = -4*a - 5*t + 162, 3*t + 104 = 3*a - y*t. What is the highest common divisor of a and 19?
19
Suppose 0*a + 5*a - 75 = 0. Suppose -a = -3*i - 0. Calculate the highest common factor of 45 and i.
5
Let p(w) = w + 21. Let y be p(4). Calculate the highest common divisor of 10 and y.
5
Let o be (-38)/(-3)*(693/22)/21. Calculate the greatest common factor of 513 and o.
19
Let i(m) = -m**3 + 8*m**2 - 4*m + 4. Let j be i(7). Suppose j = -3*p + 4*p. What is the highest common factor of 275 and p?
25
Let d be (-3 - 21/(-9))*-15. Let i = -7 + d. Suppose 5*b - i*b = 210. What is the highest common factor of 15 and b?
15
Let k(f) = -f**2 - 14*f - 10. Let m be k(-13). Let w = 6 - m. What is the greatest common divisor of w and 3?
3
Let f(m) = 20*m**2 + 91*m - 19. Let o be f(-11). What is the highest common factor of o and 70?
70
Suppose 0 = 12*j - 481 - 599. Calculate the highest common divisor of j and 54.
18
Suppose 192 = -12*l + 16*l. Let v be -3 - (7 + -10) - -3. What is the highest common divisor of v and l?
3
Let s(v) = -v - 5. Let t be s(-12). Let n = 12 - t. Let d = 30 + 10. Calculate the highest common factor of d and n.
5
Suppose 0 = 14*u - 269 + 59. Calculate the highest common divisor of 495 and u.
15
Suppose -5*q + 1 + 9 = 0. Let p be (-38)/(-4)*4/q. Suppose 3*r + 4*y = p, 3*y = 6*r - 2*r - 17. Calculate the highest common factor of 25 and r.
5
Let a(t) = 2*t**3 + 43*t**2 - 76*t - 57. Let f be a(-23). What is the greatest common divisor of f and 91?
13
Let k(d) = d**2 - 2*d - 9. Let z be k(4). Let n be -7 - -3 - (z - 10). Calculate the highest common factor of 63 and n.
7
Suppose 3*x + 3 = 6. Suppose 2*a = -5*d + 39 + x, -5*a = -3*d + 55. Let n = 43 + -23. Calculate the greatest common factor of n and d.
10
Let g(j) = 37*j - 809. Let t be g(22). Calculate the greatest common divisor of 835 and t.
5
Suppose -2*u + 67 = 5*w, 3*w = 3*u - 0*w - 90. Let g be 20/((-5)/1) - -6. Suppose 0 = g*z + 42 - 166. What is the highest common divisor of z and u?
31
Let j(a) = -3*a**3 + a**2 + 3*a + 4. Let g be j(-3). Let r = 39 - 65. Let u = 43 + r. Calculate the highest common factor of g and u.
17
Let x(h) = -h**2 + 15*h - 17. Let t be x(13). Let o be -8*((-14)/8 + 1). Calculate the highest common factor of t and o.
3
Let i(p) = p**2 - 9*p - 7. Let g be i(10). Suppose 2*k = 3*u + 26, 4*k + g*u + 46 = 8*k. Calculate the highest common factor of 2 and k.
2
Suppose -21 = -5*h - 4*x, -x + 4*x - 16 = -4*h. Let k = -469 + 724. Let y = -244 + k. What is the highest common divisor of h and y?
1
Let q(g) = -g**3 - 3*g**2 + g + 2. Let y(r) = 20 - 9*r - r**2 + 4*r + 3*r. Let s be y(-6). Let f be q(s). Calculate the highest common factor of 14 and f.
14
Let n = 30 + -21. Let h(u) = u - 2. Let m be h(9). Suppose -144 = 3*t - m*t. What is the greatest common factor of t and n?
9
Let n(m) = -m**2 - 21*m + 22. Let s be n(-22). Suppose s = 4*i + l - 180, 2*l = 3*i - l - 150. Calculate the highest common divisor of i and 414.
46
Suppose 0 = -5*n - 3*f - f + 20, -3*n + 25 = 5*f. Suppose -7*x + 2*x + 45 = n. What is the highest common divisor of 3 and x?
3
Let h(z) = 17*z**2. Let b be h(-1). Let l be (-20)/(-15) + (408/18 - 7). What is the greatest common factor of l and b?
17
Let o(x) = 20*x - 2. Let j be o(5). Suppose 5*z - b = b - 367, -5*z = -5*b + 370. Let p = -59 - z. Calculate the highest common factor of j and p.
14
Let n be 5 + 1 + -3 + 1 + -1. Suppose -3*s - 2*j + 2 = -2*s, -n*s + 2*j = -30. Let m be 159/4 - (-2)/8. What is the greatest common factor of s and m?
8
Suppose 14*r - 40 - 428 = 344. Let h(v) = 14*v**3 + 2*v**2 - v - 2. Let i be h(2). What is the greatest common divisor of i and r?
58
Let z = -22 - -28. Suppose z*a + 4 = 8*a. Suppose -b + 22 = 4*j + j, a*b + 4*j = 32. Calculate the greatest common factor of b and 3.
3
Let g(d) = -80*d + 227. Let w be g(-17). What is the greatest common factor of w and 69?
69
Let u = 23 + 194. What is the greatest common factor of 21 and u?
7
Let c(r) = r**3 - r**2 + 2*r + 168. Let y be c(0). Calculate the greatest common divisor of 280 and y.
56
Let t = 26 + -14. Suppose -3*b + 6 = -b + 2*p, 0 = 5*b + 2*p - t. Calculate the highest common factor of b and 3.
1
Suppose 16*j = 10*j + 36. Suppose 0 = -3*v + 47 + 100. Suppose 2*l + 41 = 3*a - v, 150 = 5*a - 5*l. Calculate the highest common divisor of j and a.
6
Let t(b) = 17*b - 9. Let f be t(7). What is the highest common divisor of f and 20?
10
Let s be 4*(3/9)/(3/9). Suppose y = 5*n - 4*n - 5, -18 = -s*n + 2*y. Let o be (-2)/(-7) + (-24)/(-14). Calculate the greatest common divisor of o and n.
2
Let i(f) = -f**2 + 10*f - 2. Let o = -8 + 18. Let x be i(o). Let u be ((-264)/(-20))/(x/(-10)). What is the greatest common factor of u and 22?
22
Let c(r) = -40*r + 21*r + 8 + 20*r. Let l be c(-6). Suppose -47 = -l*d + 51. Calculate the greatest common factor of 7 and d.
7
Let r = 79 - -159. What is the greatest common factor of 28 and r?
14
Let g = 299 - 266. What is the highest common factor of 15 and g?
3
Let p be (46/(-10))/(72/(-19080)). Calculate the greatest common divisor of p and 53.
53
Let r(s) = -s**3 - 7*s**2 - 8*s + 8. Let y be ((-68)/(-4))/(4 - 5). Let v = 11 + y. Let u be r(v). What is the highest common divisor of u and 200?
20
Let n(i) = -3*i - 7*i - 24 - 6*i. Let x be n(-9). What is the highest common factor of x and 15?
15
Let h be (-2)/7 - 5772/(-14). Let n = h + -164. Let y = n - 148. What is the greatest common divisor of 20 and y?
20
Let s be 31/4 - (-1)/4. Suppose 3*a + 4*r = -5, -125*a + 121*a - 5*r = 6. What is the greatest common divisor of s and a?
1
Suppose 2*r = -0 + 6. Suppose -r*n + 20 + 28 = 0. Let f = -1770 + 1778. Calculate the greatest common factor of n and f.
8
Suppose 5 = -5*a, -5*a + 7 = 4*b - 44. Let s(z) = -21*z - 42. Let i be s(-8). Calculate the greatest common divisor of b and i.
14
Suppose 23*i - 1404 = -16*i. Calculate the greatest common divisor of 6 and i.
6
Let h = -2 - -362. Calculate the highest common divisor of 144 and h.
72
Suppose 0 = c - 23 + 6. Suppose c*h = 14*h + 429. Suppose -3*j = 2*s - 8*j - 51, -4*s + 3*j + 67 = 0. What is the greatest common divisor of s and h?
13
Let z be -51*-6*10/20. Calculate the highest common divisor of 34 and z.
17
Let o(g) = g**2 - 40*g - 140. Let w be o(47). What is the highest common divisor of 7 and w?
7
Let y(n) = -3*n**3 - 54*n**2 - 53*n - 32. Let w be y(-17). Suppose 0 = 5*g + 51 - 141. What is the greatest common divisor of g and w?
2
Let j be (-329)/(-5) - ((-768)/80)/(-12). Calculate the highest common divisor of j and 3055.
65
Suppose -10*o + 4064 + 1006 = 0. Calculate the greatest common divisor of o and 13.
13
Suppose -i + 14 = 4. Let m be (-6)/(-2)*(239 + 3). Let a be m/8 + 27/(-36). What is the greatest common factor of i and a?
10
Let n be -9*-1*(-110)/(-15). Let l be 1/(-6) - 111/(-18). What is the highest common factor of n and l?
6
Suppose 6*w = -4*j + 3*w - 15, -2*j - 2*w - 10 = 0. Suppose j = -5*l + 84 + 16. Let v be 1/(1 - 16/l). What is the highe